12*s. Calculate p(s).
-7
Let t = 24 + -26. Let x = 67 - 57. Let l(h) = -4*h - 18 - x + 26. What is l(t)?
6
Let g(b) = b. Let r(j) = j**3 + j. Let k(q) = 4*g(q) - 3*r(q). Let c be -68*(-8)/64*2. Suppose 0 = -3*u + 3*x - 7*x - c, -3*x - 12 = 3*u. What is k(u)?
-2
Let g(v) = 5*v. Let u = 606 - 186. Let l = u + -420. Calculate g(l).
0
Let w be 2/8 + (-27)/12. Let g(o) = -47762*o + 143271*o - 47757*o - 12 - 47760*o. What is g(w)?
4
Let f be (-75)/25*(-65 + -2). Let y = f + -206. Let k(i) be the first derivative of -i**4/4 - 4*i**3/3 + 3*i**2/2 + 3*i - 2. Give k(y).
13
Let q(f) = f**3 + 14*f**2 + 12*f - 20. Let p = 10328 - 10341. What is q(p)?
-7
Let j(q) be the third derivative of -3*q**5/20 + q**4/12 - q**3 - 999*q**2. Give j(0).
-6
Let y(r) be the first derivative of 7*r**2/2 + 36*r + 3162. What is y(-8)?
-20
Let o(c) = 4*c**3 - 2*c**2 + 3*c - 1. Suppose -28*h - 40 = -33*h. Suppose -12 = -10*j + h. Determine o(j).
29
Let b(r) = -4*r - r - 2*r - 1. Let c(h) = h**3 - 109*h**2 + 252*h - 74. Let s be c(2). Determine b(s).
-15
Let y(v) = -82*v - 89*v - 82*v + 251*v + 16. What is y(10)?
-4
Let r(y) be the first derivative of y**4/4 + 6*y**3 + 19*y**2/2 + 26*y + 3229. Determine r(-17).
-8
Let s(m) = 10*m + 1. Let p(a) = -37*a - 26. Let x(v) = p(v) + 3*s(v). Calculate x(-3).
-2
Suppose -3*f + 0*j = -2*j + 43, 3*f + 5*j = -50. Let x be (f/(-10) - 2) + (-15)/(-2). Suppose -x*b = 45 - 10. Let w(d) = -d**3 - 4*d**2 - d - 7. Give w(b).
23
Let p = -252 - -285. Suppose -69 = -17*u + p. Let x(b) = -b**2 + 7*b + 2. Determine x(u).
8
Suppose 0 = 3*a - 3*s, -4*s - 3 = -2*a - 3*a. Suppose 2*l - r - 6 = 12, -l - r + a = 0. Let b(d) = l + 7 + d**2 - 4*d**2 - 15. Calculate b(-1).
-4
Let y(h) be the third derivative of -1/8*h**4 + 1/3*h**3 - 1/60*h**5 - 15*h**2 + 0*h + 0. Let g = 117 + -114. Give y(g).
-16
Let i(p) = p**3 + 5*p**2 - 4*p + 6. Suppose 19*a - 20*a - 5*l + 7 = 0, -4*l = 5*a + 7. What is i(a)?
36
Let m(q) be the first derivative of q**6/360 - q**5/24 - q**4/8 - 137*q**3/3 - 202. Let c(j) be the third derivative of m(j). Calculate c(5).
-3
Let m(x) = -4*x**3 - 24*x**2 - 19*x + 98. Let h(i) = -5*i**3 - 24*i**2 - 19*i + 100. Let l(j) = 3*h(j) - 4*m(j). Calculate l(-23).
0
Let a(r) be the third derivative of -7*r**5/60 - r**4/6 - 25*r**2. Let i(w) = -6*w**2 - 5*w. Let p(q) = 6*a(q) - 5*i(q). Let m = 60 + -59. Determine p(m).
-11
Let w = -16 - -17. Let h be (-1281)/(-63) + w + (-4)/3. Suppose -2 = -2*k, b + 2*b - 2*k = -h. Let m(j) = -j**3 - 7*j**2 - 6*j - 4. What is m(b)?
-4
Let s(x) = 5 + 22 - x - 11 + 0*x. Let g be s(13). Let f(p) = 6*p - g*p**2 - 8*p + 2*p**2 - 1. Give f(-3).
-4
Suppose 5*c - 3*c + r - 3 = 0, 5 = 5*r. Suppose t + 22 = -4*u, 15 = -2*u + t + c. Let n(p) = p**3 + 6*p**2 + p + 1. What is n(u)?
-5
Let v = 277 - 269. Let h(s) = -22*s + 23*s - 5 - v*s. Give h(-4).
23
Let l(b) = -23369*b**2 + 0*b**3 + 23393*b**2 - 24*b + b**3 + 29. Determine l(-25).
4
Let b(s) = -s**2 - 11*s - 30. Let c be (700/(-875))/(2/15). What is b(c)?
0
Let v(w) = -9*w + 155 + 7*w**2 - 3*w + 15*w - 12*w - 164. Determine v(-1).
7
Let k = 48 + -40. Suppose -4*z + 13 = -3*v, -k*z + 4*z + 16 = 0. Let n(m) = -6*m**2 + m. Determine n(v).
-5
Suppose 85*o + 62 = 54*o. Let a be (12/(-10))/(16/(-40)). Let z(y) = 34*y - 34*y - y**2 + 2*y**a. Give z(o).
-20
Let h = -121432 + 121438. Let q = -3 - -3. Let f(n) = -n**3 + 2*n**2 + 6*n + 3*n**2 + q*n**3 - 2. Give f(h).
-2
Let j(y) = -68*y - 757. Let u(x) = 45*x + 496. Let b(t) = 5*j(t) + 8*u(t). Give b(-9).
3
Let d(s) = -12*s - 351. Suppose -564*j + 2291 = -643*j. Calculate d(j).
-3
Let f be (-289)/51 + (-15)/(-9). Let l(d) = 3*d + 4. Let g(z) = -13*z - 17. Let o(k) = -2*g(k) - 9*l(k). Give o(f).
2
Let k be (18/(-30))/((2/60)/(-1)). Let v(m) = 16 + k*m + 33 - 58 + 26 + m**3 - 2*m**3 + 18*m**2. Determine v(19).
-2
Suppose -51*z - w - 4 = -46*z, w - 6 = 0. Let t(i) = 6*i**2 - 2*i - 3. What is t(z)?
25
Let o(f) = 209*f + 628. Let q be o(-3). Let t(y) = -45*y**2 - 1. Calculate t(q).
-46
Let q(r) = r**2 + 3*r + 5. Let c(z) = -z**2 - 3*z - 4. Let h(b) = -5*c(b) - 4*q(b). Let k(l) = -l**2 - 2*l. Let j be k(1). Give h(j).
0
Suppose 75 = 5*o + 20. Let s(f) = -o + 3*f - 18 + 33. Suppose -13*g + 3 = -14*g. What is s(g)?
-5
Let j(n) = n**3 - 13*n**2 - 186*n + 2419. Let g be j(13). Let h(x) = -x**2 + 6*x - 3. Give h(g).
2
Let w(p) = -p + 37. Let c be 28 - 8/(-12)*(-261)/(-29). What is w(c)?
3
Let k(a) = -a**2 + 10*a - 6. Let v be 5*-4*(-1)/20. Let x be (9 - -1)*(1 + v)/2. Determine k(x).
-6
Let x(z) = z**3 + 10*z**2 + 4*z + 9. Let d(l) = -l**3 - 12*l**2 - 13*l - 15. Let r be d(-11). Let g be r*(-1 - ((-22)/14 + 2)). Give x(g).
-31
Let b(i) = -2*i**2 - 13 - 36 + 109*i - 152*i + 87*i. What is b(20)?
31
Let a be 0 + -3 - -4 - 220/(-2). Let n = a + -77. Let z(t) = n*t - 69*t + 2 + 34*t. What is z(-6)?
8
Let a(d) = -d**3 + 5*d**2 - 4*d + 6. Suppose -4*k - 16 = 5*p - 0, -3*p + 2*k = 14. Let r be p/(-6) + (-60)/(-18). What is a(r)?
6
Let b(d) = -2*d - 3 + 2*d**2 + 2 - 4*d**3 + 7*d**3 + 5. Determine b(2).
32
Let o be ((-240)/(-64))/((-18)/24). Let f(j) = 15*j + 21. Give f(o).
-54
Let y(u) = -2*u**2 + 3*u - 5. Let s = -8628 - -8630. What is y(s)?
-7
Let b(s) be the first derivative of s**4/4 - 3*s**3 + 5*s**2/2 + 21*s + 2197. Give b(8).
-3
Suppose -8*p + 2*a = -10*p, -4*p = -3*a - 35. Let n(x) = x**3 - 2*x**2 - 4*x - 2. Calculate n(p).
53
Let o(d) = -38*d - 1. Let j = -14552 + 14553. What is o(j)?
-39
Let j = 29 + -33. Let f(c) = -10*c - 13*c - 4 + 2 + 24*c. Give f(j).
-6
Let i = -183 - -191. Let p(o) = -9*o**2 + 10*o + 1. Let w(v) = 11*v**2 - 11*v - 1. Let n(z) = 5*p(z) + 4*w(z). Determine n(i).
-15
Let j = -7 + 1. Let l(s) be the second derivative of 1/6*s**3 - 22*s + 1/2*s**2 + 0. What is l(j)?
-5
Let h(r) = 2*r**2 - 20*r + 25. Suppose -4*u + 8*j = 0, -21*u + 4*j - 70 = -26*u. What is h(u)?
25
Let j(r) = -8*r**3 - 10*r**2 + 2. Let o(l) = 21*l**3 + 29*l**2 - 2*l - 7. Let t(g) = -8*j(g) - 3*o(g). Calculate t(6).
5
Let d(w) = 13*w - 4 + 1 + 3. Suppose 2*f + 3*i = 69, 4*f - 3*i - 173 = -2*i. Suppose 51*s = f*s - 9. Give d(s).
-13
Let c(p) = -p**2 + 6*p - 8. Let w be 92/(-23) - 32/(-4). Calculate c(w).
0
Let q(x) = -3*x - 11. Let s be (-4)/(2 - 3) - (-231)/(7 - 18). Determine q(s).
40
Suppose -8*h - 50 = -13*h. Let q(z) = -4 + h*z**2 - z**3 + 0 + z - 9 - 1. Calculate q(10).
-4
Let k(s) = -9*s - 26*s**2 + 2*s**3 + 3 - 6*s - 3*s**3 - 3*s + 19*s + 25*s**2. Let m(d) = d**2 + 6*d - 10. Let r be m(-7). Give k(r).
18
Let s(a) = a + 14. Let d be ((-40)/6)/(15/(-45)). Suppose d = -9*k - 70. Determine s(k).
4
Let u be 74 - (7 + 0 + -4). Let d = u - 74. Let k(i) = i**2 + 3*i. Give k(d).
0
Let x(v) be the first derivative of -207 + 19508*v - 19510*v + 7*v**2 - 68. Calculate x(-1).
-16
Let j(b) = -5*b**2 + 2*b - 8. Suppose -2*o + 88 = 74. Let t(k) = 9*k**2 - 4*k + 14. Let a(v) = o*j(v) + 4*t(v). What is a(4)?
8
Let l(c) be the second derivative of -c**6/72 - c**5/120 - 23*c**4/6 + 20*c. Let g(o) be the third derivative of l(o). What is g(-1)?
9
Suppose -102*h + 63*h - 12 = -51*h. Let t(z) = -3*z**3 + 3*z**2 - 2*z + 1. Determine t(h).
-1
Let u(o) be the second derivative of -o**3/6 - 3*o**2/2 - 4*o. Let j = -356 + 351. Let l be (-3)/(-1) - (j + 6)*3. Give u(l).
-3
Let r(w) be the first derivative of -w**3/3 - 5*w**2/2 + w - 1. Let l be ((-33)/4)/(4*27/(-576)). Suppose -14 = -6*j - l. Determine r(j).
1
Suppose -3*j = 4 - 13. Let t(o) = -2*o**2 + 961208*o - 3 + 4 - 961206*o. What is t(j)?
-11
Let f(i) be the third derivative of -i**4/12 + 5*i**3/6 + 437*i**2. Suppose 4*d = 3*u - 25, 0*d - d = 3*u - 5. Determine f(d).
13
Let m(r) = 6 + 97*r - r**2 - 34*r - 29*r - 38*r. Let c = 73 + -31. Suppose -7*x - c = -0. Give m(x).
-6
Let y(h) = h**3 + 7*h**2 + 10*h + 1. Let m be y(-5). Let d(a) = 5*a**3 + a**2 - 1. Let v be d(m). Let s(c) = -11*c - 3*c - v + 13*c. Calculate s(7).
-12
Let y be ((-240)/150)/(4 + 90/(-25)). Let t(p) = 3*p + 18. Give t(y).
6
Let g be 324/63*(441/14)/9. Let x(s) = s**2 - 17*s - 21. Give x(g).
-3
Let i(b) = -b**3 + 5*b**2 + 3*b - 10. Let f be i(5). Let m(x) = -4*x. Let z be m(-4). Let k(c) = 5 + c**3 - 1 - z*c**2 + 10*c**2. What is k(f)?
-21
Let j(y) = y**2 + 5*y + 5. Let c(r) be the second derivative of r**4/12 - r**3/3 - 5*r**2 - 4*r. Let l be c(-7). Let n = -5